5?
1
What is the tens digit of 23277?
7
What is the units digit of 11168?
8
What is the units digit of 4650?
0
What is the ten thousands digit of 18833?
1
What is the units digit of 318?
8
What is the thousands digit of 3694?
3
What is the tens digit of 7551?
5
What is the thousands digit of 6794?
6
What is the tens digit of 12290?
9
What is the units digit of 580?
0
What is the thousands digit of 7849?
7
What is the ten thousands digit of 10990?
1
What is the ten thousands digit of 72096?
7
What is the units digit of 2874?
4
What is the thousands digit of 1641?
1
What is the hundreds digit of 945?
9
What is the hundreds digit of 34499?
4
What is the ten thousands digit of 11358?
1
What is the units digit of 38463?
3
What is the hundreds digit of 3972?
9
What is the hundreds digit of 2544?
5
What is the units digit of 376?
6
What is the thousands digit of 12949?
2
What is the units digit of 1507?
7
What is the tens digit of 26312?
1
What is the tens digit of 3082?
8
What is the thousands digit of 6701?
6
What is the units digit of 1331?
1
What is the thousands digit of 55068?
5
What is the units digit of 11882?
2
What is the tens digit of 12432?
3
What is the hundreds digit of 30207?
2
What is the ten thousands digit of 16023?
1
What is the hundreds digit of 397?
3
What is the units digit of 7685?
5
What is the tens digit of 5594?
9
What is the tens digit of 3033?
3
What is the tens digit of 11995?
9
What is the hundreds digit of 19948?
9
What is the tens digit of 93?
9
What is the units digit of 1310?
0
What is the tens digit of 28691?
9
What is the thousands digit of 1974?
1
What is the hundreds digit of 2635?
6
What is the units digit of 2491?
1
What is the tens digit of 25537?
3
What is the ten thousands digit of 27403?
2
What is the units digit of 11677?
7
What is the tens digit of 3403?
0
What is the thousands digit of 202863?
2
What is the hundreds digit of 847?
8
What is the tens digit of 963?
6
What is the units digit of 16027?
7
What is the thousands digit of 1579?
1
What is the units digit of 91208?
8
What is the thousands digit of 6085?
6
What is the units digit of 663?
3
What is the tens digit of 659?
5
What is the units digit of 834?
4
What is the tens digit of 280?
8
What is the thousands digit of 50263?
0
What is the ten thousands digit of 13443?
1
What is the hundreds digit of 843?
8
What is the tens digit of 4562?
6
What is the thousands digit of 2089?
2
What is the units digit of 2?
2
What is the hundreds digit of 2177?
1
What is the units digit of 384?
4
What is the thousands digit of 38324?
8
What is the hundreds digit of 39305?
3
What is the tens digit of 5292?
9
What is the units digit of 7157?
7
What is the units digit of 69?
9
What is the hundreds digit of 15323?
3
What is the hundreds digit of 17693?
6
What is the thousands digit of 64351?
4
What is the units digit of 569?
9
What is the ten thousands digit of 12453?
1
What is the tens digit of 7000?
0
What is the hundreds digit of 14663?
6
What is the tens digit of 30?
3
What is the hundreds digit of 5149?
1
What is the ten thousands digit of 36503?
3
What is the units digit of 1091?
1
What is the thousands digit of 3515?
3
What is the thousands digit of 7037?
7
What is the hundreds digit of 1465?
4
What is the units digit of 26885?
5
What is the hundreds digit of 1303?
3
What is the units digit of 702?
2
What is the tens digit of 502?
0
What is the units digit of 341?
1
What is the ten thousands digit of 40729?
4
What is the thousands digit of 2002?
2
What is the units digit of 19218?
8
What is the hundreds digit of 447?
4
What is the units digit of 745?
5
What is the units digit of 30879?
9
What is the units digit of 801?
1
What is the ten thousands digit of 10372?
1
What is the tens digit of 4698?
9
What is the hundreds digit of 6782?
7
What is the hundreds digit of 16777?
7
What is the tens digit of 889?
8
What is the units digit of 17124?
4
What is the ten thousands digit of 56661?
5
What is the thousands digit of 30170?
0
What is the units digit of 3398?
8
What is the tens digit of 16793?
9
What is the units digit of 12368?
8
What is the tens digit of 35387?
8
What is the tens digit of 5242?
4
What is the hundreds digit of 4692?
6
What is the tens digit of 103060?
6
What is the thousands digit of 60627?
0
What is the units digit of 5631?
1
What is the units digit of 2530?
0
What is the units digit of 1505?
5
What is the tens digit of 402?
0
What is the units digit of 17482?
2
What is the thousands digit of 11612?
1
What is the units digit of 101383?
3
What is the ten thousands digit of 21945?
2
What is the tens digit of 80289?
8
What is the tens digit of 1005?
0
What is the tens digit of 270?
7
What is the thousands digit of 1475?
1
What is the tens digit of 1101?
0
What is the hundreds digit of 1101?
1
What is the units digit of 71?
1
What is the units digit of 7925?
5
What is the thousands digit of 1281?
1
What is the ten thousands digit of 56571?
5
What is the thousands digit of 15459?
5
What is the hundreds digit of 876?
8
What is the hundreds digit of 552?
5
What is the hundreds digit of 152?
1
What is the hundreds digit of 46397?
3
What is the tens digit of 1543?
4
What is the thousands digit of 48318?
8
What is the units digit of 1071?
1
What is the hundreds digit of 843?
8
What is the tens digit of 8684?
8
What is the tens digit of 6933?
3
What is the thousands digit of 47793?
7
What is the hundreds digit of 38548?
5
What is the tens digit of 2915?
1
What is the thousands digit of 9397?
9
What is the hundreds digit of 15710?
7
What is the units digit of 42440?
0
What is the units digit of 15557?
7
What is the tens digit of 808?
0
What is the thousands digit of 9872?
9
What is the units digit of 44838?
8
What is the tens digit of 71500?
0
What is the thousands digit of 4417?
4
What is the ten thousands digit of 27579?
2
What is the hundreds digit of 994?
9
What is the units digit of 734?
4
What is the ten thousands digit of 10079?
1
What is the thousands digit of 11122?
1
What is the tens digit of 791?
9
What is the hundreds digit of 447?
4
What is the units digit of 8803?
3
What is the tens digit of 8895?
9
What is the thousands digit of 19226?
9
What is the tens digit of 4224?
2
What is the hundreds digit of 499?
4
What is the units digit of 1297?
7
What is the thousands digit of 69901?
9
What is the hundreds digit of 629?
6
What is the thousands digit of 5908?
5
What is the hundreds digit of 282?
2
What is the tens digit of 43097?
9
What is the tens digit of 67264?
6
What is the tens digit of 4473?
7
What is the units digit of 92550?
0
What is the hundreds digit of 22686?
6
What is the hundreds digit of 505?
5
What is the tens digit of 1345?
4
What is the tens digit of 17301?
0
What is the units digit of 1605?
5
What is the units digit of 1905?
5
What is the tens digit of 18854?
5
What is the tens digit of 63722?
2
What is the units digit of 2257?
7
What is the units digit of 1093?
3
What is the hundreds digit of 2424?
4
What is the hundred thousands digit of 121039?
1
What is the tens digit of 80075?
7
What is the units digit of 321?
1
What is the units digit of 33774?
4
What is the tens digit of 933?
3
What is the thousands digit of 3417?
3
What is the tens digit of 19695?
9
What is the tens digit of 815?
1
What is the thousands digit of 1876?
1
What is the tens digit of 140863?
6
What is the units digit of 5017?
7
What is the hundreds digit of 63667?
6
What is the units digit of 2287?
7
What is the tens digit of 729?
2
What is the hundreds digit of 506?
5
What is the tens digit of 9163?
6
What is the units digit of 2566?
6
What is the hundreds digit of 3400?
4
What is the thousands digit of 2734?
2
What is the tens digit of 30?
3
What is the thousands digit of 31134?
1
What is the units digit of 2179?
9
What is the tens digit of 107?
0
What is the thousands digit of 15049?
5
What is the units digit of 49020?
0
What is the hundreds digit of 784?
7
What is the thousands digit of 8742?
8
What is the units digit of 4774?
4
What is the hundreds digit of 11784?
7
What is the hundreds digit of 32514?
5
What is the thousands digit of 1345?
1
What is the thousands digit of 9460?
9
What is the hundreds digit of 141571?
5
What is the hundreds digit of 229